2, 5
Suppose 5*u = 3*y - 1, 4*y + 0*u - 6 = 2*u. Suppose -3*x = y*x - 60. What are the prime factors of x?
2, 3
Let f = -11 + 69. What are the prime factors of f?
2, 29
Suppose -2*j - 7 = -1. Let g be 10/(3/((-90)/j)). Suppose 2*o = -2*o + 5*z + 103, 4*o = 4*z + g. List the prime factors of o.
2, 11
Let f be (1 - 2)*(-2 + 1). Let a = -3 + 7. Suppose -f = g - a. List the prime factors of g.
3
Let u = -4 - -9. Suppose 0 = 2*s, p - u*s = 11 + 12. What are the prime factors of p?
23
Let f(i) = -i**2 - 8*i - 6. Let q be f(-4). Let w(x) = -x**2 + 10*x + 2. What are the prime factors of w(q)?
2
Let j = -16 - -32. What are the prime factors of j?
2
Suppose -4*n - 17 = -2*g - 1, -16 = -5*g + 4*n. Suppose g*y - 14 = -2*y. List the prime factors of y.
7
Let y(b) = -b + 3. Let k be y(-4). Let x = k + -2. Suppose -x*t + i + 32 + 4 = 0, -24 = -4*t + 2*i. What are the prime factors of t?
2
Suppose -5*l = -c - 27, -l = -2*l + 5. Let a be 3*(20/6 + c). Suppose 4*u - 7 = -a*p + 21, 5*p = 2*u + 14. What are the prime factors of u?
3
Suppose -4*u + 6*u = 408. Let r be 2/(-5) + u/(-15). Let f = -3 - r. List the prime factors of f.
11
Suppose 2*s - 167 = 4*t + 81, s = -5*t + 138. What are the prime factors of s?
2
Let c(j) = 10*j**2 + 2 - 9 + 5*j**3 + j**3 - j - 5*j**3. What are the prime factors of c(-10)?
3
Suppose 5*q - 9 = 21. Let v(m) = -m**3 + 5*m**2 + 8*m - 7. What are the prime factors of v(q)?
5
Let w(s) = 6*s**2 - 4*s + 2. Let y(j) = 2*j**2 - j + 1. Let k(t) = 4*w(t) - 11*y(t). Let z be k(-3). Suppose z = i + 4*i. List the prime factors of i.
2, 3
What are the prime factors of (-5 + 1)*(-7)/8*74?
7, 37
Let q be (-10)/(-8) - 9/(-12). Suppose -2 = 2*n + 4*k, -3*n + q = 3*k - 1. List the prime factors of n.
3
Let c = -9 - -12. Suppose c*t - x - 66 = 0, -3*t + 0*t + 72 = -3*x. List the prime factors of t.
3, 7
Suppose 0 = 4*f - 5*k + 337, 0*k = -5*f + 3*k - 405. Let l = -39 - f. What are the prime factors of l?
3, 13
What are the prime factors of (-4 - (-11)/3)*-135?
3, 5
Let o be (-7)/(-2) + 1/(-2). Suppose 3*k - 50 = -k + 3*m, o*k = 5*m + 43. What are the prime factors of k?
11
Suppose 3*h - 2*q - 58 = 0, -3*h - 4*q - 98 = -8*h. Suppose 0 = 15*k - h*k + 87. List the prime factors of k.
29
Suppose 1 + 24 = 5*q. List the prime factors of q.
5
Let c = 140 + -74. List the prime factors of c.
2, 3, 11
Let i = 1 - 0. Let y be (i/(1/2))/(-2). What are the prime factors of ((-3)/(6/14))/y?
7
Let b = -52 + 97. List the prime factors of b.
3, 5
Let j(h) = 2*h**2 - 5*h + 2. Let d be j(3). Suppose 13 = d*c - u, -5*c + 2 = -4*u - 5. What are the prime factors of c?
3
Let p = -6 - -13. List the prime factors of ((-4)/(-4))/(1/p).
7
What are the prime factors of (-7)/(-4) + -2 - 578/(-8)?
2, 3
Suppose 0 = k + 4*b - 43, k - b - 33 = -10. Suppose -3*n + 48 = -k. List the prime factors of n.
5
Suppose -3*p - j = -3*j - 86, -p + 42 = 2*j. List the prime factors of p.
2
Let s = -11 - -19. Let a be s + (2 - 12/3). Let k(i) = 2*i - 7. List the prime factors of k(a).
5
Let j = 1 - -1. Suppose -10 = 4*m - 9*m. Suppose q + y = 12, -m*q = q + j*y - 31. List the prime factors of q.
7
Suppose -d - 4*d = -10. Suppose 3*i - 3 = -d*p, -3*p + 8*p - 4*i - 19 = 0. Suppose -v = h - 9, -p*v + 5*h - 21 = -4*v. List the prime factors of v.
2, 3
Suppose -3*w - 37 = -91. List the prime factors of w.
2, 3
Suppose 4*h = -2*u - 2*u, -4*h = -4*u - 8. Let j = 1 - h. List the prime factors of -2 - 7*(j + -1).
5
Let s = -5 + 7. Let v = s + 3. What are the prime factors of v?
5
Let s(i) = 80*i**2 + 6*i + 6. What are the prime factors of s(-1)?
2, 5
Suppose -h - 4*q + 4 = -5*h, 5*h = -3*q - 45. Let c(x) = x + 8. Let v be c(h). Suppose o - v*o = -8. List the prime factors of o.
2
Let c(d) = -217*d + 2. List the prime factors of c(-1).
3, 73
Let c(v) = 29*v**2 + 6*v + 4. What are the prime factors of c(-2)?
2, 3
List the prime factors of 12/(-14)*(31 - 143).
2, 3
Suppose 3*y - 18 = -3, -3*u - 2*y + 19 = 0. Suppose -u*j + 146 = -4*w, -2*j + 4*j - 94 = w. List the prime factors of j.
2, 23
Let l(n) = 8*n**3 - 7*n**2 + 8*n + 2. What are the prime factors of l(4)?
2, 7, 31
Suppose 4 = 4*d + 12. Let g be d*(-3)/2 + -12. Let v = g + 15. List the prime factors of v.
2, 3
What are the prime factors of (-255)/(-10) + 1/2?
2, 13
Suppose 5*g + 133 = -0*g + r, 2*g + 48 = 3*r. Let x = -7 - g. List the prime factors of x.
2, 5
List the prime factors of (-812)/(-11) + 2/11.
2, 37
What are the prime factors of 52/(-8)*-2 - 2?
11
Let w(u) = 2*u + 9. What are the prime factors of w(4)?
17
Let h(y) = -2*y - 7. Let o be h(-5). Suppose o*f - 3 - 9 = 0. Suppose 0 = f*z + r - 26, 0 = -z - 0*r - 3*r + 1. What are the prime factors of z?
7
What are the prime factors of 60 - (-5 - (-5 + 4))?
2
Suppose -3*k - 12 = 0, 3 + 7 = -5*t - 5*k. Suppose 3*n + t*n = 100. List the prime factors of n.
2, 5
Let v = 225 - 105. What are the prime factors of v?
2, 3, 5
Let l(y) = y**2 + 13. Let r be l(9). Suppose -4*i = -r - 18. What are the prime factors of i?
2, 7
Let w = 28 + -21. Suppose -u + 15 = -w. What are the prime factors of u?
2, 11
Let y(a) = a**3 - 2*a**2 - 4*a - 7. List the prime factors of y(4).
3
List the prime factors of -5*(-25)/10*8.
2, 5
Let c = -59 + 108. List the prime factors of c.
7
Let d(c) = c**2 - 15*c + 6. What are the prime factors of d(16)?
2, 11
Suppose 4*u + 19*u - 7636 = 0. List the prime factors of u.
2, 83
Let k(x) be the third derivative of x**4/12 - x**3/3 + x**2. What are the prime factors of k(4)?
2, 3
List the prime factors of 2229/12 - 5/(-20).
2, 3, 31
Let r(p) = -3 - 4*p + 6 + 3*p**2 - p**2 - 1. List the prime factors of r(2).
2
Let p = 14 - 8. Suppose -p*h = -2*h - 48. List the prime factors of h.
2, 3
Let w = 8 + -10. List the prime factors of (w/(-4))/((-3)/(-42)).
7
Let w = 106 + -65. Suppose l - 5 = -c - 4, 5*l = 4*c + w. List the prime factors of l.
5
Let n(i) = i**2 + 3 - 5 + i**2 - 3*i. What are the prime factors of n(3)?
7
Suppose 0 = -3*h - 0*c - 3*c + 249, 2*h - 163 = -c. List the prime factors of h.
2, 5
Let l be 5/15*6/2. What are the prime factors of (2 - 3)*l + 16?
3, 5
Let t = -17 + 54. What are the prime factors of t?
37
Let h = 4 - 6. Let o be 4/(-8) - 41/h. Suppose 3*n - o = -n. List the prime factors of n.
5
Let k(q) = -q - 2. Let z be 7/(-3) - 2/(-6). Let w be k(z). Suppose w = -5*u + 1 + 9. What are the prime factors of u?
2
Suppose 4*i - 10*i + 600 = 0. List the prime factors of i.
2, 5
Let k be (-1)/(-4) + 1126/8. Suppose 4*v - 162 = -5*h, -4*h + 2*v - 1 = -k. What are the prime factors of h?
2, 17
Suppose 8*u - 10*u + 4 = 0. Let b = u - -6. List the prime factors of b.
2
Let y(q) = -q**3 + 18*q**2 - 17*q + 7. Let h be y(17). Let n = -1 - -1. Let j = n + h. List the prime factors of j.
7
Let p(b) = 11*b - 47. What are the prime factors of p(17)?
2, 5, 7
Suppose 0*m + 6*m - 942 = 0. What are the prime factors of m?
157
Let b(q) = q**3 + 6*q**2 + 2*q - 4. Let n(f) = -f + 4. Let y be n(8). List the prime factors of b(y).
2, 5
Suppose -19*k + 216 = -17*k. What are the prime factors of k?
2, 3
Suppose -3*k - 186 = -5*k. List the prime factors of k.
3, 31
Suppose 0*w = 3*w, -2*q = -2*w - 2. Let k(c) = 3*c**3 + 2*c**2 - c. Let r be k(q). Let m = r - 1. List the prime factors of m.
3
Let h(r) = -r**3 - 6*r**2 - 2*r + 1. Let o be h(-6). Suppose 0 = 8*x - o*x + 215. What are the prime factors of x?
43
Let k(q) = -4*q**3 + 7*q**2 - 5. Let f(v) = 11*v**3 - 22*v**2 - v + 14. Let a(r) = -3*f(r) - 8*k(r). List the prime factors of a(10).
2, 7
Let f(z) = -2*z + 7. Let r be f(-4). What are the prime factors of 4/(-10) - (-591)/r?
3, 13
Let w = -82 + 43. What are the prime factors of (-5)/(-20) + w/(-4)?
2, 5
Suppose 3*b = r + 125, -r = -b + r + 50. What are the prime factors of b?
2, 5
Let b = 98 + -76. List the prime factors of b.
2, 11
Let l(r) = r**2 - 3*r + 16. List the prime factors of l(9).
2, 5, 7
Let y(q) = -q + 9. Let h be y(7). Let s be 21 + ((-8)/h)/(-2). Suppose -p + 2*b + 58 = 4*p, b = 2*p - s. What are the prime factors of p?
2, 3
Let h(y) = 50*y**3 - y**2 - 1. What are the prime factors of h(1)?
2, 3
What are the prime factors of (-8)/(-28)*-6*-7?
2, 3
Let z = -39 + 51. List the prime factors of z.
2, 3
List the prime factors of 81/4 + (-3)/12.
2, 5
Suppose 2 = 2*q, -5*q + 37 + 4 